 15) to base 13.
-7
Convert 1 (base 8) to base 3.
1
Convert 0 (base 14) to base 11.
0
Convert -e (base 16) to base 11.
-13
What is -10 (base 4) in base 9?
-4
What is 101200 (base 3) in base 2?
100100000
Convert -1 (base 11) to base 2.
-1
-5 (base 7) to base 3
-12
1 (base 4) to base 15
1
What is 123 (base 5) in base 3?
1102
What is 2 (base 5) in base 6?
2
Convert -11 (base 6) to base 4.
-13
Convert -15 (base 16) to base 9.
-23
-1000 (base 2) to base 3
-22
Convert 120 (base 3) to base 6.
23
0 (base 6) to base 9
0
Convert -3 (base 5) to base 6.
-3
What is -46 (base 12) in base 15?
-39
Convert a (base 14) to base 8.
12
52 (base 6) to base 9
35
-1022 (base 3) to base 11
-32
0 (base 11) to base 2
0
What is 342 (base 6) in base 14?
98
-314 (base 5) to base 15
-59
1 (base 15) to base 13
1
What is 4 (base 8) in base 11?
4
What is -9b (base 12) in base 11?
-a9
What is 4 (base 6) in base 11?
4
Convert d (base 14) to base 9.
14
What is 152 (base 14) in base 13?
178
What is -30 (base 14) in base 8?
-52
What is -4 (base 8) in base 7?
-4
What is 1110 (base 2) in base 12?
12
What is 0 (base 3) in base 5?
0
4 (base 15) to base 16
4
3 (base 7) to base 14
3
11 (base 5) to base 13
6
What is -2 (base 15) in base 4?
-2
What is -3 (base 9) in base 7?
-3
What is -237 (base 8) in base 5?
-1114
Convert 65 (base 11) to base 12.
5b
What is -11001101 (base 2) in base 11?
-177
What is 70 (base 15) in base 13?
81
What is -11 (base 3) in base 16?
-4
Convert -44 (base 9) to base 7.
-55
Convert -121 (base 4) to base 2.
-11001
What is d (base 15) in base 10?
13
-41 (base 11) to base 9
-50
What is 36 (base 7) in base 3?
1000
-13 (base 5) to base 14
-8
-25 (base 16) to base 5
-122
What is 4 (base 16) in base 9?
4
2030 (base 4) to base 10
140
Convert -174 (base 10) to base 11.
-149
What is 300 (base 8) in base 7?
363
What is -20 (base 3) in base 10?
-6
-1110111 (base 2) to base 7
-230
1301 (base 6) to base 14
193
What is 22 (base 15) in base 7?
44
8 (base 16) to base 8
10
What is 111111 (base 2) in base 14?
47
What is 33 (base 13) in base 12?
36
Convert 13 (base 6) to base 12.
9
What is -4 (base 5) in base 16?
-4
-10101011 (base 2) to base 12
-123
What is -10101011 (base 2) in base 9?
-210
Convert -21 (base 9) to base 3.
-201
What is -6 (base 8) in base 5?
-11
323 (base 5) to base 11
80
What is -1 (base 5) in base 12?
-1
-10 (base 14) to base 10
-14
What is -12010 (base 3) in base 8?
-212
Convert 2 (base 3) to base 8.
2
1 (base 16) to base 15
1
Convert -10 (base 8) to base 7.
-11
What is -23 (base 16) in base 9?
-38
Convert -3 (base 11) to base 8.
-3
Convert 21 (base 4) to base 11.
9
What is 96 (base 13) in base 14?
8b
What is 5 (base 10) in base 13?
5
-18 (base 12) to base 11
-19
What is -13 (base 9) in base 5?
-22
What is -42 (base 5) in base 8?
-26
-14 (base 10) to base 7
-20
What is -25 (base 14) in base 5?
-113
Convert 48 (base 13) to base 14.
44
466 (base 8) to base 13
1ab
What is -45 (base 15) in base 4?
-1001
-408 (base 9) to base 8
-514
3 (base 16) to base 7
3
Convert 3 (base 11) to base 8.
3
Convert -3 (base 16) to base 15.
-3
-10 (base 2) to base 7
-2
Convert 64 (base 8) to base 4.
310
102 (base 6) to base 4
212
Convert a (base 11) to base 12.
a
Convert 3 (base 13) to base 15.
3
-47 (base 15) to base 3
-2111
42 (base 5) to base 12
1a
What is -101 (base 5) in base 8?
-32
What is -156 (base 13) in base 3?
-22220
What is 4 (base 9) in base 3?
11
-8 (base 12) to base 7
-11
What is -8 (base 12) in base 8?
-10
What is -4 (base 6) in base 4?
-10
-1033 (base 4) to base 3
-2221
3 (base 4) to base 8
3
What is -1 (base 15) in base 14?
-1
What is -12 (base 14) in base 7?
-22
-12 (base 7) to base 14
-9
What is 1 (base 14) in base 13?
1
Convert 3 (base 12) to base 6.
3
Convert 4 (base 6) to base 14.
4
-c (base 16) to base 11
-11
-37 (base 11) to base 3
-1111
What is 1 (base 11) in base 12?
1
-14 (base 9) to base 11
-12
-63 (base 11) to base 12
-59
What is -1 (base 3) in base 4?
-1
1 (base 16) to base 9
1
Convert 467 (base 9) to base 7.
1060
What is 103 (base 5) in base 8?
34
Convert a (base 12) to base 4.
22
What is -4 (base 5) in base 12?
-4
What is -11 (base 8) in base 2?
-1001
What is -8 (base 9) in base 5?
-13
4 (base 11) to base 12
4
Convert 99 (base 12) to base 3.
11100
Convert -11 (base 8) to base 15.
-9
What is -34 (base 15) in base 4?
-301
1 (base 10) to base 3
1
-2 (base 11) to base 5
-2
0 (base 7) to base 15
0
-14 (base 6) to base 13
-a
41 (base 5) to base 6
33
ba (base 12) to base 9
167
-57 (base 8) to base 4
-233
What is 232 (base 4) in base 11?
42
2 (base 3) to base 8
2
Convert -3 (base 10) to base 14.
-3
101 (base 2) to base 4
11
What is 100001110 (base 2) in base 11?
226
What is -1 (base 4) in base 12?
-1
Convert 133 (base 5) to base 9.
47
Convert -120 (base 15) to base 3.
-100110
Convert -b (base 13) to base 12.
-b
Convert -10 (base 10) to base 3.
-101
Convert -214 (base 9) to base 16.
-af
What is a (base 13) in base 6?
14
What is 4 (base 6) in base 13?
4
Convert -1 (base 2) to base 7.
-1
What is -62 (base 7) in base 4?
-230
a (base 16) to base 14
a
2 (base 12) to base 11
2
What is -4 (base 9) in base 13?
-4
Convert 47 (base 8) to base 12.
33
Convert -5 (base 14) to base 16.
-5
Convert 7 (base 11) to base 9.
7
Convert -7 (base 11) to base 15.
-7
What is -1100001 (base 2) in base 7?
-166
Convert -1 (base 16) to base 14.
-1
-234 (base 5) to base 13
-54
10 (base 5) to base 12
5
Convert -1011 (base 2) to base 4.
-23
Convert -68 (base 9) to base 6.
-142
Convert -42 (base 7) to base 13.
-24
What is -110 (base 4) in base 3?
-202
What is -13 (base 11) in base 16?
-e
What is 10 (base 3) in base 5?
3
-123 (base 4) to base 14
-1d
111 (base 10) to base 7
216
What is -3 (base 11) in base 3?
-10
Convert -9 (base 13) to base 3.
-100
What is -66 (base 8) in base 5?
-204
10d (base 16) to base 7
533
What is 172 (base 9) in base 4?
2102
Convert 450 (base 6) to base 3.
20110
167 (base 13) to base 9
312
What is 222 (base 3) in base 7?
35
What is 1111 (base 3) in base 2?
101000
1b (base 13) to base 4
120
Convert 0 (base 8) to base 12.
0
Convert 4 (base 5) to base 12.
4
-2 (base 4) to base 16
-2
What is 1 (base 8) in base 7?
1
What is 1110 (base 2) in base 7?
20
Convert -51 (base 10) to base 9.
-56
Convert 2011 (base 3) to base 6.
134
Convert 0 (base 4) to base 5.
0
What is 1 (base 8) in base 5?
1
Convert -10 (base 2) to base 4.
-2
What is -24 (base 5) in base 12?
-12
What is 0 (base 9) in base 4?
0
Convert -38 (base 12) to base 15.
-2e
11000 (base 3) to base 5
413
-201 (base 4) to base 9
-36
What is -4 (base 6) in base 12?
-4
-77 (base 11) to base 3
-10010
-405 (base 8) to base 11
-218
Convert -66 (base 13) to base 5.
-314
-111 (base 3) to base 15
-d
Convert 13 (base 4) to base 2.
111
-42 (base 6) to base 16
-1a
0 (base 2) to base 4
0
What is -1 (base 15) in base 13?
-1
Convert -4 (base 14) to base 6.
-4
What is 53 (base 9) in base 8?
60
What is -251 (base 6) in base 3?
-10211
What is 1 (base 16) in base 7?
1
What is -5 (base 7) in base 10?
-5
0 (base 11) to base 15
0
Convert 1 (base 16) to base 2.
1
What is 165 (base 11) in base 2?
11000000
What is -16 (base 12) in base 9?
-20
Convert -38 (base 12) to base 15.
-2e
What is -2 (base 15) in base 13?
-2
Convert -40 (base 7) to base 14.
-20
Convert -102120 (base 3) to base 10.
-312
What is 11 (base 7) in base 12?
8
What is -20211 (base 3) in base 12?
-134
Convert 1002 (base 5) to base 13.
9a
1 (base 7) to base 13
1
Convert -2113 (base 5) to base 8.
-433
Convert -10 (base 2) to base 9.
-2
Convert -7 (base 9) to base 14.
-7
Convert 101 (base 2) to base 13.
5
What is -35 (base 6) in base 16?
-17
What is -13 (base 16) in base 15?
-14
Convert 303 (base 5) to base 3.
2220
What is -57 (base 12) in base 14?
-4b
-2 (base 15) to base 3
-2
What is -16 (base 15) in base 13?
-18
110 (base 2) to base 9
6
What is -645 (base 7) in base 11?
-278
-2 (base 14) to base 7
-2
-4 (base 14) to base 4
-10
What is -28 (base 11) in base 4?
-132
What is 0 (base 3) in base 9?
0
b (base 16) to base 2
1011
What is -100000 (base 2) in base 9?
-35
What is 1 (base 14) in base 7?
1
Convert -3 (base 15) to base 11.
-3
What is -3 (base 4) in base 13?
-3
Convert 196 (base 12) to base 10.
258
Convert -90 (base 10) to base 7.
-156
-100 (base 6) to base 11
-33
Convert 61 (base 